 = 0. List the prime factors of l/(2 + 14/(-4)).
2
Let r(l) = 2*l**2 + 2*l - 1. Let x be r(1). Suppose -i = x*f - 12, -4*i = -2*i - 6. Suppose 18 - f = 3*v. What are the prime factors of v?
5
Let i(x) = -x**2 - 11*x + 8. Let q be i(10). Let h be (-9)/2*-4 - 0. List the prime factors of q/(-18) - 4/h.
11
Suppose 3*v = -2*v + 195. What are the prime factors of v?
3, 13
Let f = 92 + -57. Let x = f + -24. What are the prime factors of x?
11
Suppose -s + 4*n = 2*s - 1, s - 5*n + 7 = 0. Let l(o) = 3*o**2 + 4*o + 1. What are the prime factors of l(s)?
2, 5
Suppose 3*b - 78 = -0*b. List the prime factors of b.
2, 13
Suppose 5*j + 3*l + 0*l = 260, -2*l = -3*j + 137. List the prime factors of j.
7
Let u = 11 + -8. Suppose -2*v + u = v. Let m = v + 3. What are the prime factors of m?
2
Let f(d) = -d**2 - 11*d + 1. Suppose 0 = 5*h + 5*b + 115, -2*b + 44 = 3*h + 117. Let s = 17 + h. List the prime factors of f(s).
11
Suppose 2*n - 25 = 5*j, 2*j + 5*n + 1 = -9. Let h = j + 8. What are the prime factors of h?
3
Let x(l) = 2*l + 8. Let s(u) = -6*u**2 - u - 1. Let g be s(-1). Let n be x(g). Let a = n - -10. What are the prime factors of a?
2, 3
Let z(j) = 6*j**2 - 15. List the prime factors of z(-6).
3, 67
Suppose 4*j + 173 = 5*j. Suppose j = 4*x + 3*i - 4*i, -x + 38 = -2*i. List the prime factors of x.
2, 11
Let o = 12 - 3. What are the prime factors of (1 - o)*(-21)/12?
2, 7
Let q(y) = y**2 + 5. List the prime factors of q(11).
2, 3, 7
Let k = -298 + 560. What are the prime factors of k?
2, 131
Suppose -4*f + 810 = f. What are the prime factors of f?
2, 3
Let w be 57/(-5) - (-2)/5. List the prime factors of ((-1)/(-2))/(w/(-638)).
29
Let o be -4 - -2 - (-12)/2. Let l(v) = v**2 + v - 1. Let b be l(2). Suppose -o*x = b - 13. List the prime factors of x.
2
Let h = 17 + 14. List the prime factors of h.
31
Let q = 391 - 276. List the prime factors of q.
5, 23
Let k be 22 + 2 + (-2 - 0). Suppose 2*w + 0 = k. What are the prime factors of w?
11
Suppose 147 = t - 80. List the prime factors of t.
227
Let t = 8 + -3. Suppose 0*d + 25 = 4*u + t*d, 10 = u + 2*d. Suppose u*s = 3*s - 12. List the prime factors of s.
2
Let v = 0 + 5. Let w(p) = -2*p. Let u be w(1). Let s = u + v. List the prime factors of s.
3
Let q(w) = w**2 - 7*w + 4. Let x be q(7). What are the prime factors of 2/(-3)*(-174)/x?
29
Let x(n) = -3*n + 14. Let y(p) = 4*p - 21. Let a(h) = 7*x(h) + 5*y(h). Let b be a(-11). Suppose b*q = -4*o + 27 + 13, -q = 3. List the prime factors of o.
13
Let t be (9/1)/((-3)/(-3)). Suppose 0 = -2*u + 8, o - 3*u = u - t. What are the prime factors of o?
7
Suppose 2 = 5*w - t - 0, -5*w + 3*t = -6. Suppose -3*k + 60 + 0 = w. What are the prime factors of k?
2, 5
Let i(r) be the third derivative of -r**6/120 + r**5/60 + 11*r**3/3 - 5*r**2. What are the prime factors of i(0)?
2, 11
Suppose 4*j - 531 = -3*i, 4*j = 8*i - 7*i + 511. What are the prime factors of j?
3, 43
List the prime factors of (-83)/(-3) - (-3)/9.
2, 7
Suppose 2*h - 317 = 29. List the prime factors of h.
173
What are the prime factors of 2*(2/2 + (-342)/(-4))?
173
Suppose -2 = 2*i + 2. List the prime factors of 28*(1/i + 1).
2, 7
Suppose -3*l + 4 = -4*l - 3*s, -2*s - 32 = -2*l. Let y = 6 - l. Let i(j) = j**3 + 5*j**2 - j + 2. What are the prime factors of i(y)?
7
Suppose -2*g = -2*n + 126, -3*g - 38 = -n + 19. List the prime factors of n.
2, 3, 11
Let v = -109 - -154. List the prime factors of v.
3, 5
Let c(i) be the second derivative of i**5/20 - i**4/3 + 5*i**3/6 - 2*i**2 - 2*i. What are the prime factors of c(4)?
2
Let i(p) = -p**3 - 9*p**2 - p - 4. Suppose 5*u = 3*x + 47, 7 = 4*x - u + 47. Let j be i(x). Suppose z = j*z - 56. What are the prime factors of z?
2, 7
Let x(v) = -v**2 + 10*v - 9. List the prime factors of x(5).
2
Suppose 5*j - 4*r - 2 = 0, 0*r + 6 = -j + 4*r. List the prime factors of (11 + -2 + j)*1.
11
Suppose 5*n - 24 = 2*n. Suppose -2*w - 8*y + 3*y + n = 0, 0 = 2*w + 3*y - 16. List the prime factors of w.
2, 7
Let g(k) = k**2 - 5*k + 6. Let l be g(4). Suppose 0 = x - 2, l*u - 16 = -0*u - 2*x. List the prime factors of (u/(-3) - 0)*-5.
2, 5
Let g(j) = j**2 - 6*j + 3. Let d be g(7). Let u be (60/25)/(4/d). Let t(p) = 3*p + 1. List the prime factors of t(u).
19
Let v(q) = 7*q + 1. List the prime factors of v(1).
2
Let q = -90 - -171. What are the prime factors of q?
3
Suppose 5*p - 4*a = -7*a + 30, p - 3*a + 12 = 0. Suppose p*t - 5*m - 9 = 0, 0 = 4*t - 0*m + 2*m - 12. Suppose -2*z = -t*z + 7. List the prime factors of z.
7
Suppose 0 = -7*x + 459 + 178. What are the prime factors of x?
7, 13
Suppose 4*d + 5*k - 2 = 21, 2*k = 3*d. Let g = 3 + -3. Suppose g = -d*o + 7 + 3. List the prime factors of o.
5
Let m(v) = v**3 - 7*v**2 + 6*v - 8. Let n be m(6). Let p be 22/(-6)*3*-1. Let i = p + n. List the prime factors of i.
3
Suppose t + 16 = 3*t. Let c = 12 - t. Suppose 5*o + c = -21, 87 = 4*p - 3*o. List the prime factors of p.
2, 3
Let z = 6 - 4. Suppose -4*w = z*g + 2*g - 12, -1 = -w. What are the prime factors of g?
2
Let h(o) = -35*o**3 + 4*o**2 + 4*o + 1. List the prime factors of h(-1).
2, 3
Suppose 2*i + z = -6 + 17, 2*i - 36 = 4*z. List the prime factors of i.
2
List the prime factors of ((-2)/4)/((-4)/256).
2
Suppose -j + 510 + 166 = 2*g, 345 = g + 4*j. What are the prime factors of g?
337
Let f(s) = 2*s**2 - s - 1. Suppose 5*p = -25, -2*y - 4*p - 13 = 11. List the prime factors of f(y).
3
Let y(z) = z**3 + 5*z**2 + 3*z + 4. Let d be y(-4). Let b = -6 + d. Suppose 5*q = -4*g + 25, -b*q + 24 = -2*g + 5*g. List the prime factors of g.
2, 5
Suppose j - 2*h + 6*h = -3, 5*j = -4*h + 49. List the prime factors of j.
13
Suppose -2*r - 168 = -6*r. Suppose 4*w = 7*w - r. Let p = -7 + w. What are the prime factors of p?
7
Let x(t) = 4*t**2 - 5*t - 13. List the prime factors of x(6).
101
Let f = 182 - 107. What are the prime factors of f?
3, 5
Let t(l) = 2*l - 5. Let s be 6/(-2) + (9 - 1). What are the prime factors of t(s)?
5
Suppose 5*f - 1 = 3*m + 48, -3*f + 9 = 5*m. Suppose 4*a - 8 = f*a, 2*z + a = 2. Suppose k + 20 = 3*d, -2*d - 7*k - 15 = -z*k. List the prime factors of d.
5
Let o = 236 - 52. What are the prime factors of o?
2, 23
List the prime factors of -3 + 2 - (-76 - -2).
73
Let q = -2 + -4. Let d = 6 + q. Suppose -5*y + 4 + 1 = 2*c, d = -4*c + 2*y + 70. What are the prime factors of c?
3, 5
Let u(o) = -o**3 + 17*o**2 - 39*o - 23. What are the prime factors of u(13)?
2, 73
Let n(p) = 3*p**2 + 22*p + 17. What are the prime factors of n(-12)?
5, 37
Let d = 6 - 4. Let p be (d/(-3))/(5/(-60)). Suppose -p = -2*z + z. What are the prime factors of z?
2
Let w(v) = v**3 + 7*v**2 + 9*v - 5. Let r be w(-5). Suppose r = -2*n - 0*n + 86. List the prime factors of n.
43
Suppose 8 - 24 = -4*s. Suppose -s*o - 3*i = -1, -5*i - 49 = -4*o - 8. Suppose -o*x + 4*b = -60, -3*b = -8 + 2. List the prime factors of x.
17
Suppose 5*r = -2*w - w + 221, -5*w = -2*r - 420. What are the prime factors of w?
2, 41
Let o = -2 - -4. Suppose 13 - 105 = -o*t. Suppose 4*u - t = -2*i, 0 = 4*u - i + 6*i - 43. List the prime factors of u.
2, 3
Suppose 0 = 16*o - 11*o - 550. What are the prime factors of o?
2, 5, 11
Let a = 822 + -463. What are the prime factors of a?
359
Let f(l) = l + 3. Let w be f(-7). List the prime factors of w/6*234/(-4).
3, 13
Let i(b) = -b**2 - 1 - 4 + 5*b + 6. Suppose 5*g + 0 = 20. What are the prime factors of i(g)?
5
Let o(z) = -4*z - 2. Let c be o(-6). Suppose -c = -3*r - k, -6*k = -3*r - 2*k + 17. What are the prime factors of r?
7
Let w = -10 + 35. List the prime factors of w.
5
Let i(g) = 35*g**2 + 3*g - 2. List the prime factors of i(1).
2, 3
Suppose c = 5*r + 136 - 26, -5*c = -2*r - 619. List the prime factors of c.
5
What are the prime factors of 200/28 + 3/(-21)?
7
Suppose -4*v = -5*h + 38, 3*h - v - 18 = 2. Let u(d) = -d. Let p(l) = 3*l + 8. Let f(a) = p(a) + 4*u(a). List the prime factors of f(h).
2
Let b(n) = n**3 + 4*n**2 - 5*n - 1. Let f be b(-5). List the prime factors of -2 - -5 - (-1)/f.
2
Let o(n) = -2*n - 3. Let j be o(-3). Suppose j*c = 3 - 21. What are the prime factors of (12/9)/((-1)/c)?
2
Suppose -4*r + 3*u - 25 = -9*r, -r - 3*u + 17 = 0. Let n be (r/(-4))/((-3)/18). Suppose n*f - 7*f + 44 = 0. List the prime factors of f.
11
Let t(x) = -3*x - 5*x**2 + 4*x + 6*x**2. What are